3/3 - 147*w**2 + 2. What are the prime factors of a(-27)?
2, 347
Suppose -5*c + 8*c - 11513 = 38059. List the prime factors of c.
2, 3, 17
Let i be (-4)/6*33/22 - -43. Suppose 2*m - 2*v = -0*m + i, -3*m = 4*v - 98. Let b = m + 131. List the prime factors of b.
157
Suppose -3*w + 31976 = 2*i, 6085 + 15211 = 2*w - 4*i. List the prime factors of w.
2, 3, 37
Let k be ((-12)/10)/((-24)/10000) - 2. Let j = k + -309. What are the prime factors of j?
3, 7
Let b = 86918 - 42142. List the prime factors of b.
2, 29, 193
Suppose -k - g + 1996 = 0, -2*g - 2005 = 311*k - 312*k. What are the prime factors of k?
1999
Let w = 5224 + 4086. List the prime factors of w.
2, 5, 7, 19
Suppose -q + 0*q + 5 = 0, 0 = 10*d + q - 107735. List the prime factors of d.
3, 7, 19
Let t = -9081 - -15107. List the prime factors of t.
2, 23, 131
Let f(i) = -2*i + 6. Let g be f(5). Let k(s) = -s**2 - 13*s - 16. Let l be k(g). Suppose 3*t - 7*t = -l. What are the prime factors of t?
5
Suppose 42*x - 46*x + 4*i + 24232 = 0, 0 = -4*x - 5*i + 24223. What are the prime factors of x?
3, 673
Let h(c) = 111*c**2 - 17*c + 237. List the prime factors of h(10).
13, 859
Suppose 460 = -a + 24. Suppose -12047 = 60*j + 3073. Let w = j - a. What are the prime factors of w?
2, 23
Let w = 188430 + -108821. What are the prime factors of w?
79609
Let g = 2718 - -23197. What are the prime factors of g?
5, 71, 73
Suppose -4451*m = -4459*m + 84008. List the prime factors of m.
10501
Let f(t) = t**3 + 15*t**2 - 9*t - 29. Let b(p) = -5*p**2 + 30. Let i be b(0). Suppose -d = d + i. What are the prime factors of f(d)?
2, 53
Let y be ((-12)/20 - 1)/((-2)/(-10)). Let k(c) = -c - 6. Let i be k(y). List the prime factors of (-3)/5*i/3*-395.
2, 79
Let p = -33 + 39. Let w(v) = v**3 - 3*v**2 - 18*v + 6. Let a be w(p). What are the prime factors of ((-254)/a)/((-1)/3)?
127
Suppose -61197 = -m + 95*j - 100*j, 0 = -5*m + 2*j + 305931. List the prime factors of m.
7, 8741
Let x = -5056 + 7935. List the prime factors of x.
2879
Let x(i) = 82*i - 183. Let b be x(23). Let q = -1080 + b. List the prime factors of q.
7, 89
Let z(l) = 159*l**3 + l**2. Let h = 107 - 91. Suppose 4*q - 5*u = -h, -7*u + 18 = -2*q - 2*u. What are the prime factors of z(q)?
2, 5
Suppose -6*v = -2*f + 24560, -3*f - 12*v + 36810 = -15*v. What are the prime factors of f?
5, 11, 223
Suppose -6*r - 32 = -4*r. What are the prime factors of (1/((-4)/135))/(4/r)?
3, 5
Let j(v) = v**3 - 2993*v**2 - 2*v**3 + 14 + 2995*v**2 + 5*v. What are the prime factors of j(-3)?
2, 11
Let w = 1408 + -2075. Let i = 452 - w. What are the prime factors of i?
3, 373
Let q = -469 + 507. What are the prime factors of (q*-14 - -3)/(-1) + 5?
2, 3, 89
Suppose -5*o + 19 = -3*u, 5*u + 3*o - 17 = 4*u. Suppose u + 7 = 3*v. Suppose 2*p = -n + 31, -3*n + v*p + 47 + 55 = 0. What are the prime factors of n?
3, 11
Suppose -14*n - 3957 = 1153. Let z = n + 671. What are the prime factors of z?
2, 3, 17
Let a be (-46)/(-12) + -4 + 721/42. Suppose a*k + 517 = 9051. What are the prime factors of k?
2, 251
Let y = -543 - -1347. Let q = y + -267. List the prime factors of q.
3, 179
Let v = -1536 + 1042. Let w = -112 - v. What are the prime factors of w?
2, 191
List the prime factors of 8/((-680)/(-2515735)) - (-34)/289.
17, 1741
Suppose -450 + 100 = 14*t. Let o(r) = -6*r + 18. What are the prime factors of o(t)?
2, 3, 7
What are the prime factors of 28 - 7071339/(-165) - 2/(-5)?
3, 5, 953
Let w = -34021 + 57189. List the prime factors of w.
2, 181
Let n = 5311 + 472. List the prime factors of n.
5783
Suppose 136*f - 345*f + 3551797 = 152412. List the prime factors of f.
5, 3253
Let f = -1002 + 288. Let c = f - -1033. What are the prime factors of c?
11, 29
Let y(i) = 17 + 11 - 5*i - 5*i**2 + 0*i**2 - 37 - i**3. Suppose 4*k - 3*g + 17 = 0, -5*k = g + 1 + 25. What are the prime factors of y(k)?
2
Let l = 11978 + -6077. What are the prime factors of l?
3, 7, 281
Suppose 121*u = 5*y + 126*u - 78445, -2*y + 31371 = -5*u. List the prime factors of y.
2, 37, 53
Suppose -151*i + 273676 + 262525 = -256247. What are the prime factors of i?
2, 41
Suppose 19*a + 3*k - 40757 = 18*a, -5*a - k + 203883 = 0. What are the prime factors of a?
2, 20389
List the prime factors of ((-122346)/(-28) - -11)*2.
8761
Let p(y) = -2*y**2 + 17*y - 9. Let f be 2*-5*8/(-20). Let k be f - 2/((-10)/15). List the prime factors of p(k).
2, 3
What are the prime factors of -38 + 33 + 41652/4?
2, 1301
What are the prime factors of ((-11)/253)/((-6)/7198494)?
52163
Suppose -5*f + 1195 = 3*p, 0*p + 4*p - 222 = -f. What are the prime factors of f?
2, 11
Suppose 3*i - 5*g = -1311, i = 12*g - 11*g - 437. Let v = i + 661. What are the prime factors of v?
2, 7
Let r = -435 + 440. Let o(g) = 13*g**2 + g - 13. What are the prime factors of o(r)?
317
Let o be (1 - 0) + -5 + (-100)/(-1). Suppose -5*v = -v - o. Suppose v*j - 312 = 18*j. What are the prime factors of j?
2, 13
Let w(q) be the first derivative of -q**2/2 - 3*q + 13. Suppose 2*f - 5*c = 9, 5*c + 41 = -2*f - 0*c. List the prime factors of w(f).
5
Let p(o) = o**3 + 7*o**2 + 4*o - 9. Let c be p(-6). Suppose f = 4*f - 4*i - 313, -210 = -2*f + c*i. Let y = f + -75. What are the prime factors of y?
2, 3
Suppose -4*w + 2*k + 1 = -13, 0 = 2*w - 2*k - 6. Suppose -3*a + 2*y + 1316 = 0, -2*a - y = -w*y - 884. What are the prime factors of a?
2, 109
Suppose 4*j - 12*h = -9*h + 10639, -3*j = -4*h - 7967. What are the prime factors of j?
5, 13, 41
Let p be 5095/((0 - (-4)/(-8))*-2). Let b = 538 - p. What are the prime factors of b/(-77) + (-2)/11?
59
List the prime factors of ((-9)/3 - -16936) + -9.
2, 4231
Suppose -10225 = -23*f + 18502. Suppose f = 2*c + y, 0*c + 3*c + y = 1871. List the prime factors of c.
2, 311
Let d(w) = 65*w**3 + 3*w**2 + 7*w - 35. What are the prime factors of d(3)?
2, 13, 17
Suppose -11*d = -6*d. Let k = 0 - d. Suppose 5*l - l - 5*w - 317 = k, -3*l = 4*w - 199. List the prime factors of l.
73
Let y be (-2)/4 + (-17)/(-2) + 7. Suppose 0 = 3*c + y, i = -5*c + 1271 - 221. List the prime factors of i.
5, 43
Suppose -6*j = -9*j - 4*y + 18, -10 = j - 4*y. Suppose -672 - 58 = -3*l - j*x, -5*l + 5*x + 1200 = 0. What are the prime factors of l?
2, 11
Suppose -52*b + 56*b + 4*u = 223832, u = 3*b - 167890. List the prime factors of b.
2, 3, 3109
Let w(d) = -d**2 - 35*d - 74. Let p be w(-9). Suppose -l = -4*r + 363, -l = -6*l + 25. Let i = p - r. What are the prime factors of i?
2, 17
Let u = 1258 - -1351. List the prime factors of u.
2609
Suppose -2*l - 2 = 0, 4*x - 5*x = -3*l - 6. Suppose -x*u = 4*u + 987. Let o = -53 - u. List the prime factors of o.
2, 11
Let d be ((-510)/24)/((-3)/(-12)). Let r = d - -139. Let j = -39 + r. What are the prime factors of j?
3, 5
Let d(u) = 753*u**2 - 46*u + 10. List the prime factors of d(3).
61, 109
Let u be 12/(7 - 3) - 3. Let l be (u + 0)*7/21. Suppose l*b + 147 = b. What are the prime factors of b?
3, 7
Suppose -138*l = -41253 - 406440 - 809349. List the prime factors of l.
9109
Let l(w) be the second derivative of w**4/2 - 2*w**3/3 - 3*w**2/2 + w. Let z be (26/(-143) + (-32)/(-55))/((-10)/50). What are the prime factors of l(z)?
29
Let y(w) = w**2 - 16. Let o be (-42)/(-56) + (-50)/(-8). Let h be (-4)/4 - o/(7/4). What are the prime factors of y(h)?
3
Suppose -17260 = -11*v - 9*v. Suppose -521 = -4*f + v. What are the prime factors of f?
2, 173
Let y(k) = 24*k + 3. Let s be y(-3). Let p = -69 - s. Suppose 4*g + 248 - 888 = p. List the prime factors of g.
2, 5
Suppose -1084*i + 565*i = -542*i + 905280. What are the prime factors of i?
2, 3, 5, 41
What are the prime factors of (-1)/((-262297)/26229 + 10)?
3, 1249
Let p = -2 - -14. Suppose -3*j + 1 = -v - 6, -5 = 2*v - 3*j. Suppose -2*u + 56 = v*a, 5*u - 24 - p = -a. What are the prime factors of a?
2, 13
Let d = -784 - -1283. Let x = d - -1380. What are the prime factors of x?
1879
Let c = 133 - -164. What are the prime factors of (-2*44/24)/((-3)/c)?
3, 11
Suppose -t - 29 = -49. Suppose 0 = -4*j - 3*k - t, 4*k + 6 = -j + 1. Let f(c) = -3*c + 13. What are the prime factors of f(j)?
2, 7
Suppose -5 = k, -8*d - k = -6*d - 11947. List the prime factors of d.
2, 3, 83
Let q(h) = -h**3 + 27*h**2 - 21*h + 27. What are the prime factors of q(18)?
3, 5, 19
Let x(i) = -74*i**2 - 6*i + 5. Let d 